 - 20. Suppose 0 = 6*x - k*x - 273. Is x a composite number?
True
Suppose -3300 = -7*v + 2*v. Let m = v - 283. Is m composite?
True
Let u(p) = 124*p**2 + 3*p + 3. Let q be 2/(4/(-2 + -2)). Is u(q) a prime number?
False
Let o = 0 - 2. Let p be o/5 + 36/15. Suppose 0*q + 44 = 2*u + p*q, 13 = u + 4*q. Is u a prime number?
False
Let g(t) = 305*t**2 + 2*t. Is g(-5) composite?
True
Let w = -35 - -66. Is w a prime number?
True
Suppose 1 = m - 1. Let y = m + 35. Is y a prime number?
True
Is (20724/8)/3*(-6)/(-3) a prime number?
False
Suppose -5*r + r + 684 = -5*s, -3*s = 3*r - 486. Is r prime?
False
Suppose 44 = 7*f - 3*f. Let h = f + -10. Is 24 - -1 - (h - -1) composite?
False
Suppose -f - 14601 = -3*n, -2*f - 9738 = -3*n + n. Is 4/10 + n/10 a prime number?
True
Let d(h) = -h**2 - 9*h + 5. Suppose 9*o - 5*o + 28 = 0. Is d(o) a composite number?
False
Let l(z) = 44*z - 13. Let r be l(8). Suppose -4*b = -7*b + r. Is b prime?
True
Let z = -9 - -15. Suppose 0 = 2*f - 9 + 93. Is (-2)/z*(3 + f) a prime number?
True
Suppose 8*s - 12*s - 392 = 0. Suppose 4*m + 0*m = 668. Let o = s + m. Is o prime?
False
Let x = 8 + -5. Suppose -2*w = x*w - 3*g - 1046, 0 = -2*w + 2*g + 416. Is w a prime number?
True
Let i = 301 + -210. Suppose -4*l + 4*x + 56 = -0*x, -2*x = 5*l - i. Let k = l - 8. Is k a composite number?
True
Suppose x - 38 = -x. Suppose 0 = -5*s - 2*m + 131, s - 4*m = -2*m + x. Is s a composite number?
True
Let k = 1302 + -905. Is k composite?
False
Let y = 342 + -89. Is y composite?
True
Let f be -3 + 35 - (-2 + 0). Let r = f - -3. Let u = r + -22. Is u a prime number?
False
Let d(o) = -5*o - 3. Let s(f) = -f**2 + 9*f + 8. Let j be s(10). Let u be d(j). Let l = 10 - u. Is l a prime number?
True
Let b = 122 + -53. Suppose -5*c + b + 106 = 0. Is c a prime number?
False
Let g be (-1)/((-3)/(-30)*-2). Is (53*7)/(g - 4) prime?
False
Let y(j) = j + 10. Let z = 3 - 11. Let n be y(z). Is n + (1 - 0) + 182 a composite number?
True
Is (-3862)/((-72)/90*(-5)/(-2)) a prime number?
True
Suppose 5945 = -29*w + 34*w. Is w a prime number?
False
Let y(g) = 25*g**2 + 3*g. Is y(-2) prime?
False
Suppose -c + 148 = 3*c. Is c/(2 + 0 + -1) a composite number?
False
Suppose 5*f - 11 = 9. Suppose 2*b - 128 = f*y - 2*y, 0 = -y + 5. Is b a prime number?
False
Let h be 6/3 + 2 + -3. Let o(l) = 148*l**3 + l**2 - l + 1. Is o(h) a composite number?
False
Suppose -5*m + 0*m + 5 = 0. Let z = m + 18. Is z a composite number?
False
Suppose -308 = -4*w + 3*b, 2*b = 7*b + 20. Let a = w + 11. Is a a prime number?
False
Suppose 2*c - 2649 = 665. Is c prime?
True
Let y(g) = g**2 + 4*g + 22 + 3*g + 0*g**2 - 6*g. Is y(0) a prime number?
False
Let m = 12 - 9. Suppose -779 = -m*x - 2*c, 2*c + 1032 = 4*x + 3*c. Is x prime?
True
Let u(l) = -l**2 + 8*l - 7. Suppose -13 = -5*k - 3*n, 27 + 4 = 3*k - 4*n. Let o be u(k). Is o/(-2)*5/(-2) a prime number?
False
Suppose c + 6 = -2*c + 4*m, -5*m - 2 = c. Let i = c - -3. Is (-24)/(-2) - i*-2 a composite number?
True
Let j be 0*3/9 + 749. Suppose -981 = -3*r + 2*a, -4*r + 4*a + j + 555 = 0. Is r prime?
False
Let r be (1/3)/(2/(-6)). Let t(k) = 8*k**2 + k. Is t(r) a composite number?
False
Let r(b) = b**3 + 11*b**2 - 3*b + 2. Is r(-9) a prime number?
True
Let a be ((-18)/12)/(6/8). Let s(n) = 50*n**2 + 4*n + 2. Is s(a) composite?
True
Let d = -1717 - -3870. Is d a prime number?
True
Let f(a) = -8*a**3 - 4*a**2 - 3*a - 3. Suppose -2*p + 3 = -3*p. Let r be f(p). Is 4/10 + r/10 prime?
True
Suppose 4*n - 3*u = 5*n - 569, -4*n - 4*u = -2244. Is n composite?
False
Suppose 0 - 52 = -2*h. Suppose 5*c = 24 + h. Is c composite?
True
Let m(q) = -q**2 - 9*q - 6. Let x be m(-7). Suppose 4*t - 2*n - 18 = 0, n + x + 5 = 3*t. Is (9*-1)/((-6)/t) composite?
True
Let q = -13 + 23. Let l = 42 + -39. Suppose l*y = 40 - q. Is y composite?
True
Is ((-4036)/(-10))/((-34)/(-85)) composite?
False
Let x be 0 - (-3)/6*2. Let m be (28/(-8))/(x/(-2)). Suppose v + 4 = t - m, 5*t - 69 = -2*v. Is t composite?
False
Is 309 - (0 + (4 - 2)) composite?
False
Let p(n) = 146*n - 43. Is p(7) a composite number?
True
Let j = -14 - -52. Is j composite?
True
Let z be (-15)/(-2) + (-3)/6. Let r(s) = -s + 2. Let g be r(z). Let d(i) = 5*i**2 - i - 3. Is d(g) a composite number?
False
Suppose 36*o = 28*o + 1416. Is o prime?
False
Suppose -3*k = -6*k - 2*l + 207, l + 276 = 4*k. Is k a composite number?
True
Let b(i) = 3*i**3 + 3*i**2 + 8*i - 5. Is b(5) a prime number?
False
Let p(t) = t**2 + 206. Is p(0) prime?
False
Suppose -m + 564 = -5*m. Let y = 254 + m. Is y prime?
True
Let q be (-1790)/(-12) - (-3)/(-18). Suppose q = -w + 2*w. Is w composite?
False
Is 169/3 - ((-4)/(-3) - 2) a composite number?
True
Let r = 1265 + -786. Is r prime?
True
Let c = 1079 - 742. Is c prime?
True
Let l = -2303 + 4354. Is l a prime number?
False
Let j(z) = -z**3 + 8*z**2 + 2*z + 8. Suppose 3*y - 2*w = w + 15, -4*y + w = -26. Is j(y) prime?
True
Let o be 3*1/(9/219). Is (o - 2)/((-2)/(-2)) composite?
False
Suppose 3*q - 4*q = 0. Suppose 4*z - 3*s = s, q = 5*s. Suppose -a - 9 = -4*f, z = 4*a - 2*f - f - 16. Is a composite?
False
Suppose 4*q + q + 6 = 4*s, 0 = -4*q - 3*s + 20. Suppose u - q*u = -4*c + 766, 4*c - 754 = -5*u. Is c composite?
False
Suppose 0 = f, -2*h = -7*h - 5*f + 30. Let d(t) = 154*t. Let i be d(2). Suppose i = -2*z + h*z. Is z composite?
True
Suppose 0 = -5*l + 1442 - 187. Is l composite?
False
Let f = 579 + -292. Is f prime?
False
Suppose 4*h = 3*h + 52. Suppose -3*s - 4*z - h + 159 = 0, 110 = 3*s + z. Is s composite?
False
Let a = -25 + 58. Suppose -5*y + a = -42. Is y prime?
False
Suppose 2*r - 6 = -2*f, 2*f + 3*r + 4 = 8. Suppose 4*u = f*k - 354, k + u = -k + 152. Is k composite?
True
Let z(g) = g - 5. Let x be z(7). Suppose -x*m + 2*t + 12 = -0*m, -4*m + 18 = 2*t. Suppose j - 11 = n, -m*j - 4*n + 1 = -4*j. Is j a composite number?
True
Let j(y) = 147*y**3 - 5*y**2 + 5*y + 4. Is j(3) prime?
True
Let g(a) = 295*a + 16. Is g(7) a composite number?
False
Is 3 - 3/((-3)/5576) a composite number?
True
Suppose -3*s + 5*t + 17 = -224, 83 = s - t. Is s composite?
True
Let s(r) = 2922*r**2 - 3*r - 2. Is s(-1) a composite number?
True
Suppose 3*o = -2*p - 16, 4*p + 2 = -4*o - 26. Let r be -4 - (o + 2/1). Is (-1203)/(-39) + r/(-26) prime?
True
Let k = 18173 - 10306. Is k prime?
True
Let v = -11 + 7. Let w be v/(-10) + (-1386)/(-10). Let m = w - 77. Is m prime?
False
Let v(g) = -4*g + 14. Let d(x) = -11*x**2. Let q be d(-1). Is v(q) a prime number?
False
Let p(o) = -o**2 + o - 1. Let s(x) = 8*x - 2*x + 8 - 7*x**2 + 32. Let u(m) = -6*p(m) + s(m). Is u(0) a composite number?
True
Let t be (5/(-2))/(5/10). Let q = t + 3. Is q/(-3) + (-38)/(-6) a prime number?
True
Let x(a) = -a + 1. Let s be x(1). Suppose 0 = -s*p - 2*p + 12. Let g(i) = i**2 - 5*i + 8. Is g(p) composite?
True
Let f be ((-4)/(-4) - 0)*-142. Let b = -60 - f. Is b prime?
False
Let z(v) = -v - 2. Let m be z(-4). Let y(w) = w**2 - 3 + 3*w - w**2 + 3*w**2. Is y(m) composite?
True
Suppose 0 = 5*s - 3*s + 5*r - 783, -2*s - 4*r + 778 = 0. Is s composite?
False
Let r(i) = 3*i**2 + 10*i - 9. Is r(-10) a prime number?
True
Is (-9675)/(-33) + (-6)/33 a prime number?
True
Let m be ((-5)/(-4))/(2/376). Let y be 6*-1*(-4)/6. Suppose 249 = y*h - m. Is h a composite number?
True
Suppose 2*t = 115 + 233. Suppose 514 = 4*z - 3*o + t, -o + 170 = 2*z. Is z a prime number?
False
Let u(o) = 6*o**2 + 15*o - 4. Is u(11) a prime number?
True
Let b(r) = r**3 - 23*r**2 + 25*r - 9. Is b(22) a prime number?
False
Let n(r) = r - 9. Let q = 5 - -2. Let h be n(q). Is (1/3)/(h/(-24)) a composite number?
True
Let k(p) = -4*p - 8. Let n be k(-8). Let f = n + -17. Is f a prime number?
True
Suppose 3*t = 60 - 192. Let v = 163 + t. Is v prime?
False
Suppose -4*h + 2*h - 22 = -5*y, y = 2*h + 6. Suppose 0 = 3*g - 5*j + 10, 0 = -y*j + 8. Suppose 0 = -3*x - 2*b + 375, x + g*b + 4*b - 115 = 0. Is x composite?
False
Let l = -593 + 846. Is l prime?
False
Let k(l) = l**2 + 2 - 3 + 2 - 6*l. Let b be k(5). Is 10/(-4)*(-2 + b) prime?
False
Suppose 0 = -3*h + 2*w + 4441, -4426 = -2*h - h - w. Is h a composite number?
True
Let v be (24/(-9))/(-4)*879. Suppose w = 3*w - v. Is w composite?
False
Let l(s) = s**3 + 8*s**2 - 10*s - 5. Let q be l(-9). Let o be (-2)/(q/(-6) - 0). Suppose 45 = o*j - 72. Is j a co